lse
Is 693862453 a composite number?
True
Is 12092281 prime?
False
Is 5658824243 composite?
False
Is 37986104197 composite?
True
Is 3578945707 a composite number?
True
Is 3647706173 composite?
True
Is 2180333399 a composite number?
True
Is 809672089 a prime number?
False
Is 52812091 prime?
True
Is 1994163593 a prime number?
True
Is 536724569 prime?
True
Is 539015597 composite?
True
Is 562089907 prime?
True
Is 9200935259 a composite number?
False
Is 653718053 a composite number?
True
Is 2684235901 a composite number?
False
Is 11617738655 prime?
False
Is 891566101 composite?
True
Is 4876360589 composite?
False
Is 6198414511 prime?
False
Is 5952086407 prime?
False
Is 1224488063 prime?
False
Is 23945782171 a composite number?
False
Is 16266049441 a prime number?
True
Is 3553512569 a composite number?
False
Is 41452942241 a composite number?
True
Is 67335959 composite?
False
Is 44771658131 a prime number?
True
Is 3034673777 a composite number?
True
Is 3205302883 a prime number?
True
Is 1546692013 prime?
False
Is 1928805209 a composite number?
False
Is 1270433642 a prime number?
False
Is 157466459 prime?
True
Is 518339287 composite?
False
Is 12885553619 composite?
False
Is 8498302093 a composite number?
False
Is 4763608691 a prime number?
True
Is 1281918683 composite?
True
Is 9067734101 prime?
True
Is 84955210495 a composite number?
True
Is 180498652701 composite?
True
Is 43674133003 prime?
False
Is 363090571 a prime number?
True
Is 104091449817 composite?
True
Is 499933526 a composite number?
True
Is 24441673957 prime?
False
Is 543526199 a prime number?
True
Is 4772480863 prime?
True
Is 3166352909 a prime number?
False
Is 758720315 a prime number?
False
Is 2561658989 composite?
False
Is 1720231223 composite?
False
Is 259556879 prime?
False
Is 17049749989 a composite number?
True
Is 5224080553 prime?
False
Is 18217813 a composite number?
False
Is 10061614793 a composite number?
False
Is 16990866355 a prime number?
False
Is 435494599 a composite number?
True
Is 103562993 a composite number?
True
Is 694411111 a composite number?
False
Is 69519095237 prime?
False
Is 311180521 composite?
False
Is 37428389701 a prime number?
True
Is 1809619729 a prime number?
True
Is 27641093627 a prime number?
False
Is 8563065499 prime?
True
Is 451767158 prime?
False
Is 160565897873 composite?
True
Is 26023291139 a prime number?
False
Is 311103201 composite?
True
Is 7757220605 a prime number?
False
Is 600136505 a composite number?
True
Is 58489649597 composite?
False
Is 1148993759 a composite number?
False
Is 150796398019 composite?
False
Is 4464010543 composite?
False
Is 7722935809 a prime number?
True
Is 4959638711 a prime number?
False
Is 590317661 composite?
False
Is 1276726799 a prime number?
False
Is 2726496961 a prime number?
True
Is 168131210001 a composite number?
True
Is 8599239335 a composite number?
True
Is 433779011 composite?
True
Is 5229479917 composite?
True
Is 895141673 a prime number?
False
Is 10696391623 a composite number?
False
Is 6431065211 prime?
True
Is 13810295942 a prime number?
False
Is 77117993 composite?
True
Is 56288898733 a prime number?
True
Is 566722361 a composite number?
False
Is 206743333 prime?
True
Is 4716327823 a prime number?
False
Is 2265630287 a prime number?
False
Is 149711895371 composite?
True
Is 41360598301 prime?
False
Is 33179847947 composite?
False
Is 425562961 prime?
True
Is 7800621197 a prime number?
True
Is 10594490183 a prime number?
True
Is 1234993987 a prime number?
False
Is 405908751 a composite number?
True
Is 2276846237 a prime number?
True
Is 2724288979 a prime number?
False
Is 634111 prime?
False
Is 1870450403 prime?
False
Is 213142843 prime?
True
Is 13452424249 a composite number?
True
Is 355137521 a composite number?
False
Is 957700693 composite?
False
Is 4969303761 a composite number?
True
Is 11716761379 composite?
False
Is 4693107493 composite?
False
Is 3051425659 a composite number?
True
Is 576800485 composite?
True
Is 113978507 prime?
True
Is 77240031617 a composite number?
True
Is 90526333 a composite number?
True
Is 4739657077 composite?
True
Is 368605663 prime?
True
Is 6349152983 a composite number?
False
Is 746248331 composite?
True
Is 10037576639 prime?
True
Is 226446881 a prime number?
True
Is 3910850221 composite?
True
Is 120123931 composite?
False
Is 1859614486 a prime number?
False
Is 4742977553 composite?
False
Is 1479154385 a composite number?
True
Is 273452719 prime?
False
Is 2792131327 composite?
True
Is 718332337 composite?
True
Is 6697890229 a prime number?
True
Is 62608006207 a composite number?
False
Is 81890013515 composite?
True
Is 446975257 composite?
False
Is 37169624542 a composite number?
True
Is 664795753 a composite number?
False
Is 60367447979 a prime number?
False
Is 4277707541 prime?
True
Is 59611386901 a prime number?
False
Is 18998909779 a prime number?
True
Is 2119420669 prime?
True
Is 4739712551 composite?
True
Is 706423043 prime?
False
Is 2649681329 composite?
False
Is 41106673 prime?
True
Is 1656667547 composite?
False
Is 5425721981 a prime number?
False
Is 8337954697 a prime number?
True
Is 632961559 a composite number?
True
Is 18193554043 composite?
True
Is 314254349 a prime number?
False
Is 26486939069 a composite number?
True
Is 5926645 a prime number?
False
Is 212956519 a prime number?
True
Is 629302547 a prime number?
False
Is 2796037697 composite?
True
Is 28475305081 a prime number?
True
Is 6464562439 a prime number?
False
Is 15810700277 composite?
False
Is 7277601547 a composite number?
False
Is 357526409 a composite number?
False
Is 5554489427 prime?
True
Is 759856693 a composite number?
True
Is 1449207055 composite?
True
Is 29045815873 a composite number?
False
Is 21571499 a composite number?
False
Is 388607647 composite?
True
Is 482377015369 prime?
True
Is 210300354113 a prime number?
True
Is 10066313833 prime?
True
Is 4736403691 prime?
False
Is 1067024321 composite?
True
Is 187610153 prime?
True
Is 364640257 prime?
True
Is 44794110341 a prime number?
False
Is 14578070957 prime?
False
Is 4044859711 a prime number?
True
Is 157480082963 a prime number?
False
Is 4152308687 a composite number?
True
Is 2663161953 a composite number?
True
Is 4801141 prime?
False
Is 546993709 a composite number?
True
Is 12538515919 a composite number?
False
Is 2716418029 prime?
False
Is 1264205843 composite?
True
Is 472079789427 a composite number?
True
Is 57973383859 prime?
False
Is 38301603071 a prime number?
True
Is 3306788299 prime?
True
Is 73165625521 composite?
False
Is 3545763103 prime?
False
Is 6502444051 composite?
False
Is 7993659 a composite number?
True
Is 123392152771 prime?
False
Is 9242434039 prime?
True
Is 2402782303 prime?
False
Is 4755229447 a composite number?
True
Is 2293840147 a composite number?
False
Is 822328013 a prime number?
False
Is 100392407 prime?
True
Is 2314790339 prime?
True
Is 6944597819 a prime number?
True
Is 857797 prime?
False
Is 1547072486 prime?
False
Is 317497541 a composite number?
False
Is 8603487401 a composite number?
True
Is 2444814373 a composite number?
False
Is 4665691349 a composite number?
True
Is 8956726483 a composite number?
True
Is 27514965201 composite?
True
Is 546574363 prime?
False
Is 26676659819 composite?
True
Is 83176609 prime?
True
Is 341035757 a prime number?
True
Is 110717353597 composite?
True
Is 5157826473 prime?
False
Is 37535350718 prime?
False
Is 271615511 composite?
True
Is 91373785 a composite number?
True
Is 8185821127 a prime number?
False
Is 7563248267 prime?
True
Is 1331050901 composite?
True
Is 82406745571 composite?
True
Is 21002049617 prime?
True
Is 11437875457 a prime number?
True
Is 101267512594 prime?
False
Is 9115236503 a composite number?
True
Is 301257052223 a composite number?
False
Is 1838682281 a composite number?
False
Is 158775017 a composite number?
False
Is 838048577 a composite number?
False
Is 21169976069 a prime number?
False
Is 34615327547 composite?
False
Is 125083711 composite?
True
Is 12842524979 prime?
True
Is 13781617279 prime?
True
Is 10904865953 composite?
False
Is 4697279039 a composite number?
False
Is 2950451369 a composite number?
False
Is 625204117 composite?
False
Is 5032796953 prime?
False
Is 193842911 a prime number?
True
Is 251853649769 composite?
True
Is 2778287297 a co